j. What is the remainder when 21 is divided by l(z)?
9
Let h(y) = y + 46. Let w = 16 - 6. What is the remainder when h(-8) is divided by w?
8
Let v = 847 + -837. Let f(k) = k**2 - 1. Let x be f(-2). Suppose x*u - 20 = 94. Calculate the remainder when u is divided by v.
8
Suppose 18*d + 109 - 271 = 0. What is the remainder when ((-2)/(-1))/(4/176) is divided by d?
7
Suppose f - 4*f + 108 = 0. Let g = 126 - f. Suppose 2*k - 23 = k. What is the remainder when g is divided by k?
21
Suppose 4*r - 24 = r. Suppose l + 56 = 5*n, 0*n + r = n + 3*l. Calculate the remainder when 63 is divided by n.
8
What is the remainder when (6/2)/(21/154) is divided by 14?
8
Suppose 3*v - 3*n = 117, 2*v + n = -v + 101. Calculate the remainder when v is divided by 9 + 6*(-1)/(-2).
11
Let x(n) = 3*n - 4. Let u be x(6). Suppose -u*j = -12*j - 12. Calculate the remainder when 21 is divided by j.
3
Let m(s) = s**2 - 4*s. Let l be m(3). Let y = l + 20. What is the remainder when y is divided by 5?
2
Suppose -4*s = s - 2*t - 933, -8 = 2*t. Calculate the remainder when s is divided by 17.
15
Let s(p) be the first derivative of -p**4/2 - 7*p**3/3 + 11*p**2/2 + 8*p - 1. Calculate the remainder when s(-7) is divided by 46.
44
Suppose 4*v = 2*v - 3*v. Suppose -c - 4*k + 95 = v, 4*k = 4*c - 2*c - 226. Calculate the remainder when c is divided by 0 - (-2*1 + -25).
26
Suppose 2*o - 17 = -5*p, -5*o + 95 = -p + 3*p. Suppose 0 = -o*n + 17*n + 392. What is the remainder when n is divided by 33?
32
Let d = 642 - 481. What is the remainder when d is divided by 27?
26
Let f = 470 + -436. Calculate the remainder when 38 is divided by f.
4
Suppose 0 = 5*j - 2*w - 72, -5*j + 4*w - w + 68 = 0. Calculate the remainder when 32 is divided by j.
0
Let l be 6/9 - 2/(-6). Suppose 2*h - 31 = 5*a + l, 0 = 3*a. Let j(p) = -7*p - 54. What is the remainder when h is divided by j(-9)?
7
Let d(y) = y**3 - 171*y**2 + 521*y - 2847. Let o(f) = 31*f**2 + f. What is the remainder when o(1) is divided by d(168)?
5
Let s(y) = -y**3 + 12*y**2 - 9*y + 24. Let g be s(11). Suppose -12*h = -g - 38. What is the remainder when 69 is divided by h?
6
Let m = 3900 - 3897. Suppose 0 = -3*u + 2*b - 4, 5*u + 0*b + 8 = 3*b. Calculate the remainder when ((-15)/2)/(3/u) is divided by m.
1
Let f be 4 + 6/3 + -3. Suppose -2*x = f*x - 140. Let i(j) = 5*j**2 - 14*j - 14. What is the remainder when x is divided by i(4)?
8
What is the remainder when 68 - 8/10*(9 - 4) is divided by 6?
4
Suppose 0 = -8*b + 97 + 167. Suppose -68 = -b*i + 31*i. What is the remainder when 101 is divided by i?
33
Let j = -16 + 8. Let b = j + 12. Let n(v) = 2*v + 3. What is the remainder when n(5) is divided by b?
1
Suppose -10 = 4*u + u. Let a(w) = -2*w**3 - 6*w**2 - 8*w - 3. Let o be a(u). Let n(c) = c**2 - c - 2. What is the remainder when 69 is divided by n(o)?
15
Suppose -4*a = -454 + 158. Let g = a + -67. Calculate the remainder when g is divided by 7.
0
Let r(b) = -b**2 - 20*b - 32. What is the remainder when r(-14) is divided by 29?
23
Suppose -8 = -4*b, -17*t + 14*t = 2*b - 946. Calculate the remainder when t is divided by 35.
34
Let x be 45/(-35) - 2/(-7). Let u be ((x - 2) + -2)*1. Let v(i) = i**3 + 6*i**2 + 2*i + 4. What is the remainder when v(u) is divided by 7?
5
Let m(q) = -10*q + 12. Calculate the remainder when m(-4) is divided by 28.
24
Suppose -5*a = -5*d - 15, -15 = -3*a + 2*d - 4. Let q = a - -4. Suppose 5*f - 2*s + 3*s = 166, -4 = s. Calculate the remainder when f is divided by q.
7
Suppose -40*a + 2096 = -2184. What is the remainder when 1064 is divided by a?
101
Let r be 28/1 + (-3 - -3). Suppose -2*j - 26 = -r. Calculate the remainder when j is divided by 1.
0
Let u(f) = -f**3 + 12*f**2 - 11*f + 12. Calculate the remainder when 70 is divided by u(11).
10
Suppose -o - o - 4 = 0. Let x(y) = -12*y**3 - y**2 + 3*y + 2. Let i be x(o). Suppose i + 17 = 5*n. Calculate the remainder when n is divided by 11.
10
Let l = 253 - 146. What is the remainder when l is divided by 52?
3
Let k = -620 + 633. What is the remainder when 28 is divided by k?
2
Let r = -25 - -62. What is the remainder when r is divided by -5*(-72)/20 - (1 - 2)?
18
Let o = -800 - -802. Suppose -h + 95 = 5*p, -p - h + 16 = -3. Suppose 0 = -0*m - m + s + 1, 0 = -3*m - 5*s + p. What is the remainder when m is divided by o?
1
What is the remainder when 76 is divided by 432/504*(-350)/(-4)?
1
Suppose 75 + 33 = -2*j. Let w = j + 78. Let z(v) = -v**2 + 9*v + 24. Calculate the remainder when w is divided by z(10).
10
Let a(i) = i**3 - 7*i**2 + 3. Let n be a(7). Suppose n*w - 14 = 2*w. Calculate the remainder when 4/6 - 1/((-9)/489) is divided by w.
13
What is the remainder when (14144/(-8))/8*(-1)/1 is divided by 7?
4
Let w(a) be the first derivative of a**4/4 + 4*a**3 + 5*a**2 + 6*a + 2. Let d be ((-77)/28)/(-11)*-44. What is the remainder when 66 is divided by w(d)?
15
Let g = 83 + -50. What is the remainder when 92 is divided by g?
26
Let i(g) = g**2 - 7*g - 7. Let s be i(14). Let v = s + -59. Calculate the remainder when 93 is divided by v.
29
Calculate the remainder when 50 is divided by (-51)/(-9)*12*5/20.
16
Let i(f) = 2*f**2 + f + 13. Let t be (11 - 10)*(0 - 0). Calculate the remainder when 22 is divided by i(t).
9
Let o = -28 + 4. Let a = o - -14. Let r = 0 - a. Calculate the remainder when r is divided by 4.
2
Let r = -36 + 78. Suppose -4*b = -183 - 313. What is the remainder when b is divided by r?
40
Let m be 693/(-1 + -2)*1. Let l = m + 336. What is the remainder when l is divided by 27?
24
Let h(t) = -t**3 - t**2 + 17*t - 3. Calculate the remainder when 17 is divided by h(-5).
5
Suppose 3*b = 3*m + 12, 4*b - 8 = 3*m - 1. Let z = m + 16. Suppose -16*h = -15*h - z. Calculate the remainder when h is divided by 2.
1
Let l = 6 + -2. Suppose -l*v + 2*v + 6 = 0. What is the remainder when 11 is divided by v?
2
Let m be -1 - (-4)/(-2) - -54. What is the remainder when 6/(-2) + 8 + m is divided by 16?
8
Let g = 72 - 43. Let n = g + 23. Suppose 0 = 3*d + d - n. What is the remainder when 49 is divided by d?
10
Let m(g) = -5*g**2 + 6*g. Let y be m(4). Let w = -32 - y. Suppose 3*t + 36 = 7*t. What is the remainder when w is divided by t?
6
Suppose -148 + 40 = -9*n. Let d(m) = 5*m - 5. Calculate the remainder when d(n) is divided by 20.
15
Suppose 498*d - 451*d - 470 = 0. Calculate the remainder when 18 is divided by d.
8
Suppose 2*j = 5*p + 75, -4*j + 4*p - 105 = -9*j. Suppose 0*i - 3*i + 77 = 2*g, 5*g + j = 0. Calculate the remainder when i is divided by 10.
9
Let h = -1713 + 1795. What is the remainder when 242 is divided by h?
78
Let p = -491 - -518. What is the remainder when 41 is divided by p?
14
Let f = 725 - 676. What is the remainder when 342 is divided by f?
48
Let h(w) = -w - 7. Let a be h(-11). Suppose -4*u = -b + 23 + 18, -a*b + 110 = 2*u. Let i = 18 + -3. Calculate the remainder when b is divided by i.
14
Let r = 446 + -391. What is the remainder when 108 is divided by r?
53
Let h = 572 - 182. What is the remainder when h is divided by 131?
128
Let n = -8 + 31. Let f = 70 - 60. Suppose 9*j + 8 = f*j. What is the remainder when n is divided by j?
7
Let n(q) = 144*q - 842. What is the remainder when 1009 is divided by n(6)?
19
Suppose 0*u - 3*u = -159. Suppose 50*c - 47*c - 57 = 0. Calculate the remainder when u is divided by c.
15
Suppose -2 = -b + 2*b - 5*l, 5*b = 4*l + 32. Suppose 2*c + m + 52 - 148 = 0, 2*m = b. What is the remainder when c is divided by -1 - 3 - (-84 - -56)?
22
Suppose -2*h - 312 + 805 = 5*q, 0 = -4*q - 4. What is the remainder when h is divided by 11?
7
Suppose -2*w + 6*w - z = 1669, -z - 2087 = -5*w. Calculate the remainder when w is divided by 35.
33
Suppose 2*t - 3*l - 36 = 0, -3*t - 5*l = -2*t - 31. Suppose -5*g - 4 - 6 = 0. What is the remainder when 2 - (-5)/g*-24 is divided by t?
20
Let c be -3*-3*(-15)/(-27). Suppose 3*a + 2*a - 120 = -c*v, 2*v - 48 = a. Calculate the remainder when 94 is divided by v.
22
Let d = -1035 - -1042. Let n be 4 - (-2 - 0)/(-2). Suppose -5*m + n*k + 11 = 0, -11 = 4*m + 4*k - 39. What is the remainder when d is divided by m?
3
Suppose 0 = 3*x + 2*x + 45. Let f(h) = -h**2 - 12*h + 5. Let t be f(x). Let n = -16 + t. Calculate the remainder when 31 is divided by n.
15
Suppose 3*t + 406 = 10*t. What is the remai